7 + -13))
-97
Evaluate 12 + 21 + -7 + -31 + 8 + 34.
37
Calculate (-1 - -8 - (67 - (-5 - -28 - 33))) + 11.
-59
Calculate -26 + 26 - (11 + (-1 - 2) + -37) - 2.
27
-8 + 220 + -203 + (0 - (-1 + 42))
-32
Calculate (-899 - -866) + (18 - ((1 - -7) + 1 + -4)).
-20
10 - (-16 + (11 - 34) - 13)
62
What is (1 - -19 - 0) + 0 + 2 + -511 + 508?
19
1 + 4 + 2 + 11 + (-212 - -147)
-47
48 + -10 - (-9 - (26 - 99))
-26
What is 83 - (8 + 2 + (14 - -5) + -12)?
66
-113 - (27 + -1 - (110 + -88) - (1 - 12))
-128
12479 + -12396 - (185 - -1)
-103
Calculate 44 - (37 + (-87 - -45)).
49
Evaluate (51 - 83) + (-75 - -6) + 11.
-90
Evaluate -11 - (-54 - ((1 - 20) + -12)).
12
Calculate -4 + 26 + -4 + (0 - 15) + 14.
17
What is (-6 - (25 + 20)) + 9 + 125?
83
Evaluate (34 + -28 - 27 - -66) + -32.
13
((95 - 24) + -34 - 29) + 0 + -2 + -27
-21
Evaluate -27 - -66 - (-1 + -2) - (-42 - -36).
48
What is the value of (101 - 2) + -1 - (-23 - -52 - 11 - 34)?
114
What is -27 + 108 + (-96 - -76)?
61
What is (61 - 1) + -856 + 807?
11
What is the value of -27 + 43 + 27 - 34?
9
Evaluate -124 - (-75 + -43 + 69).
-75
Calculate 19 - (-72 - (-128 + 120)).
83
What is 26 + -28 + (-4 - -14) - -11?
19
Evaluate 95 - (-2 + 135 + -51).
13
What is (-1 - -45 - -2) + (1814 - 1837) + 1 + 25?
49
Calculate -2 - -7 - (107 - 66 - (-4 + -12)).
-52
-9 - (-19 + 24) - (4 - (18 - (1 + 5)))
-6
Evaluate (14 - (-2 + 2)) + (173 - 165 - -14).
36
(-6 - -67) + (144 - 189)
16
What is 3 + (-47 - (-35 + -27))?
18
-78 + 78 + -18 - (15 - 2)
-31
What is 64 + -21 - (-11 - 6)?
60
What is the value of (198 - 199 - (0 - -9)) + (20 - 3)?
7
(-13 - -152) + 12 + (-2 - 2) + 7
154
What is (-22 - (-2 - -1)) + 24 - -7?
10
Calculate 21 + (-74 - -10) - -30.
-13
What is the value of -27 + (-44 - (-74 + -30))?
33
-44 - (65 + 18 + -108)
-19
What is the value of 7 - 100 - (-1 - (-7 - -10 - 9))?
-98
What is (-1 - (-14 - -5)) + -128 + 92?
-28
51 - ((-9 - -5) + (2 - (-16 - -27)))
64
(16 - 6 - -8 - -127) + -22 - 8
115
What is the value of -21 + -49 + -29 - -161?
62
Evaluate -1922 - -1900 - (-4 + 1).
-19
Calculate 105 - 178 - -2 - 12.
-83
4 + -17 + (13 - 14) + (23 - 5)
4
Evaluate -45 - (18 + (30 - 52)) - 2.
-43
What is the value of 24 - 3 - (8 + (-15 - 8 - -4))?
32
What is the value of (-105 - (-5 - 21)) + 62?
-17
Calculate (-135 - (2 - -15)) + -104 + 135.
-121
What is (-9 + 20 - 13) + 3 + 16 - 71?
-54
Calculate 47 + -56 + (48 - 1).
38
-84 + 101 + 0 + (1 - 27)
-9
Evaluate -12 + 5 + 9 + 26.
28
Evaluate 4 + -4 + -5 - 125 - (17 + 3 + -18).
-132
What is (11 + -3 - 58) + 76 + -94?
-68
Evaluate (2 - (-51 + 74)) + 28.
7
Calculate 74 + 0 - (449 - 391).
16
What is the value of 12 - 3 - (11 + 29 + 17)?
-48
Calculate 22 - (-25 - (1 - 33) - (-1 - 0)).
14
What is -12 + -54 - (-296 - -188) - (0 + 0 - 2)?
44
Evaluate (-5 - -60) + 4 + 5 - 9 - (2 + 4).
49
Calculate -55 - (18 + -33) - -51.
11
(74 + -21 - 9) + -9 - -24
59
What is the value of (-1 + -12 - 2) + (58 - 55) + (-54 - -1)?
-65
Evaluate (3846 - 3804) + -24 + 0 + 1.
19
What is 11 + (-25 - 2 - (47 + -56) - -4)?
-3
Calculate (-59 - -3) + 10 + ((13 - -14) + -10 - 26).
-55
Calculate (-1 - (8 - -133)) + 8 + (4 - 9).
-139
(6 - 0) + -82 + (-9 - ((-6 - -1) + -10))
-70
(-38 - -35) + -70 + 48 + -80
-105
-48 + 23 + 29 + -24 + (-4 - -62)
38
Evaluate -130 + -30 + 162 + (-2 - 53).
-53
Evaluate 70 + (-88 - 10) - (-14 + (0 - -1)).
-15
10859 + -10802 + 18 + 1 + 1
77
Calculate -21 + -5 - (8 - -6 - 19).
-21
What is -7 + (-17 - -37) + (-9 + 3 - -18)?
25
What is the value of -46 - (-8 + -7 + 25 + (-12 - (-2 + 4)))?
-42
28 + -14 - 20 - -5 - (-5 - -44)
-40
Calculate 78 - (66 + 30 + -114 + 41).
55
What is (-33 - (52 + -27)) + 64?
6
Calculate -91 + 159 + 0 + -2 + -27 + 23.
62
Evaluate 16 - (13 + (15 - 56) + 20 + (0 - -11)).
13
Evaluate 8 - (-2 - (30 + -14 + -86)).
-60
Calculate 25 + 1 + (-135 + 18 - -92).
1
What is the value of 39 - 59 - (23 + -75)?
32
((59 - 71) + -3 + 14 - 6) + 87
80
Evaluate 76 + (-1 - (-4 - 10)) + 230 + -242.
77
155 - (-53 - (117 - 295))
30
Evaluate (3 - 0) + -2 + -15 + (1305 - 1307).
-16
What is the value of 47 - (39 + -35 - -27)?
16
-21 - (39 - (13 + -2 + -7))
-56
What is the value of (-16 - (-2 + -17 + 4)) + 6 + -16?
-11
Calculate -1 + -5 + -7 + 2 + 5.
-6
Evaluate -10 + 23 + -97 + 19.
-65
Evaluate -25 - (-2 + -2 + 16 + 3 + -12).
-28
Calculate -11 + -2 + (2 + (-9 - -17) - -12).
9
What is 12 - -13 - (5 + 1 + 1 + 3)?
15
(0 + 2 - 42) + 20 + -54 + 34
-40
(-7 - -14 - (0 - (-3 + 1))) + 8
13
Calculate 1 - -3 - (-6 - (-161 - -20)).
-131
430 + -410 + (-1 - (9 - -3))
7
What is the value of -40 + -15 + 50 - (-14 - 1) - (-3 + 14)?
-1
Evaluate 57 + (10 - 127 - -68).
8
Evaluate (46 - (-6 - -43)) + -6.
3
Calculate -27 + 62 + (52 - 98).
-11
-16 + -7 - (9 + -25 + -19)
12
-2 + 9 + (0 - 7) + -11 + -40 + 14
-37
What is (20 - (18 + (2 - 10)) - -23) + (-5 - -15)?
43
Evaluate -6 + 20 - (444 + -418).
-12
12 + -6 + 4 + -10 + (-4 - (-4 - -2))
-2
Calculate (139 + -146 - -151) + -263.
-119
What is the value of -61 - -11 - ((-10 + -2 - 2) + 14)?
-50
Evaluate (-18 + -1 - (-43 - -48) - -10) + -24.
-38
Evaluate (7 - -20 - 6 - 12) + 1 + (4 - 1).
13
Evaluate 33 + -1 + -26 + -105 + 0 + 12 + -5.
-92
Calculate 13 + -58 + 87 - 22 - 88.
-68
What is the value of 9 - ((-30 - 3) + 11 - -37)?
-6
What is the value of -17 + 5 + 18 - (20 - (14 + -15))?
-15
What is the value of 118 + (-207 - -238 - (0 - -18)) + -15?
116
Calculate 121 + -4 + -1 + 6 - (-3 + 14).
111
What is the value of (63 - (65 + 5)) + 47?
40
Evaluate 0 + (4 - -15 - (63 - 41)).
-3
Evaluate 12 + 9 + -2 + -20 - -7.
6
What is the value of (-3 - -39) + (29 - (4 + 19)) + -2?
40
What is the value of -1934 + 2080 - (161 - -6)?
-21
Calculate 250 + -115 - 47 - (1 - -32).
55
What is the value of 4 - (3 + (1 - (-13 - -5))) - (-1 + -1)?
-6
What is 572 + -500 - (-24 - -4)?
92
What is the value of -1 + 11 + -5 + (8 - (-1 - -11)) + -52?
-49
What is -1 - 27 - (15 + -5 + (3 - (43 + -24)))?
-22
What is 10 + -34 + (20 - 10) - (1 - 87)?
72
Evaluate (-318 - (328 + -740)) + (-1 - (-3 + 1)) + 2.
97
Evaluate -132 + 16 + (117 - 24).
-23
Evaluate -33 + 0 + -207 + (268 - -20).
48
Evaluate -44 - 7 - (-5 + (11 - -13) - 9 - 11).
-50
What is (171 - 176) + (-97 - -4)?
-98
-26 + -120 - -136 - (36 - 0)
-46
Evaluate (8 - -9) + 24 + -6 + -1.
34
21 + (-20 - (20 + -22)) + 0
3
Calculate (714 - 710) + (-118 - (-7 + (-2 + 1 - -4))).
-110
What is the value of 12 - ((-8 - 16) + 11 - (-6 + -4))?
15
Calculate 18 - ((-2 - (28 - 34)) + 20).
-6
-11 - (28 - (54 - -19))
34
1 + 110 - ((-46 - -50) + 9) - (6 + -14)
106
Calculate 22 + (-28 - (-8 + -19 + 8)).
13
Calculate 32 + -50 + (26 - 7) - (-78 + 8).
71
Evaluate -36 + -3 - -12 - 14.
-41
Calculate 454 + -506 + (10 - 2).
-44
Evaluate -44 + (6 - (5 - (5 - (-7 - (0 - 11))))).
-42
Calculate -2 - 2 - (-2 + -9 + 21 + -35).
21
What is the value of (8 - (3 - 7)) + (-19 - (-4 - -6))?
-9
Evaluate -43 + 33 + 101 + 4 + -20 - -8.
83
Calculate -60 - (43 - 79) - -63.
39
What is 11 - ((-65 - -7) + (40 - 5) + -57)?
91
What is 21 + (-2 - 1) + (350 - 367)?
1
What is (2 - -17) + (8 - (-14 + 1 + (34 - 4)))?
10
What is the value of -18 + (14 - 14) + -15 + 4?
-29
What is the value of (-93 - (58 - 110)) + -3?
-44
Calculate -3 - (-2 - -6) - (-79 + 2 + 3 + 1).
66
What is the value of -2 + (-19 - -28) + -60 + 9?
-44
Calculate 4 + 9 + -65 + 61.
9
What is 12 + (7 - 108) + 12 + 33 + -21?
-65
(4 - -41) + (-48 - -34)
31
What is 207 - 352 - (91 + -243)?
7
24 - (9 + 4 - (-62 - -61))
10
0 - 18 - (-19 - (21 - 13) - -87)
-78
(7 - 12) + (-82 - (1 + -1 + -10))
-77
-25 - (-1 - 11) - (-2 - -16)
-27
Calculate 0 + 9 + 1227 + -1234 + 0 + 25.
27
What is the value of 55 + 28 - 40 - 71?
-28
Evaluate 14 + -4 + -7 + (-24 + 8 - -51).
38
What is the value of 46 - 1 - (95 + -56 - 16)?
22
Calculate -15 + (-76 - -72 - 63).
-82
Evaluate (0 + 5 - (-1 - -4)) + 14 + -35.
-19
Evaluate -19 + 3 + -44 - -65.
5
-1 + -4 + 13 + -11 - ((41 - -2) + 7)
-53
What is (4 - -92 - 133) + 27?
-10
Calculate (-58 - (-1 - 4)) + (-6 + 13 - 5 - 15).
-66
Evaluate -17 - (-15 - (-3 + -29 + -2) - 7).
-29
What is -6 - 13 - (-61 - -33) - 59?
-50
Evaluate (2 - 16) + -2 - (478 + -600) - (14 + 0).
92
Evaluate (-26 - (-26 - -42)) + (-4 - 3).
-49
Calculate -14 + 34 - -8 - -6.
34
What is the value of 5 + (-27 - (-69 + 20)) + -16 + 0 + 24?
35
What is 14 - (-60 + 71 + -75)?
78
What is 